-3 - i.
47
Suppose 0 = -3*y + 7*y + 5*f - 57, f = -5*y + 66. Suppose y = 5*z + 3. What are the prime factors of ((-19)/2)/((-1)/z)?
19
Let y be 8/(-52) + 320/52. What are the prime factors of (-6)/(-9) + 194/y?
3, 11
Let z(q) = q**3 - 11*q**2 + 10*q - 4. Let x be z(10). Let i(b) = 3*b**2 + 7*b + 8. List the prime factors of i(x).
2, 7
Let f(h) = h**3 + 27*h**2 - 31*h + 55. List the prime factors of f(-28).
139
Suppose 577 = 2*k + 121. List the prime factors of k.
2, 3, 19
Suppose -115 + 490 = 5*x - 5*n, n = 2. List the prime factors of x.
7, 11
Suppose 0 = 20*w - 18*w - 334. What are the prime factors of w?
167
Let c be ((-3)/(-2))/(13/(-26)). Suppose 0 = -0*w - 3*w + 2*f + 9, -3*w = -3*f - 12. List the prime factors of c + 9 - (w + -1).
2, 3
Suppose -5*y - 91 = -5*f + 24, 0 = 4*y + 12. List the prime factors of f.
2, 5
Let c(m) = -14*m + 9. Let o be c(-8). Let u = 191 - o. Suppose -3*i + 5*b + 60 = 10, 0 = -3*i - 5*b + u. List the prime factors of i.
2, 5
Suppose -5 = -h - 2. Let c(p) = -p + p - 2 + h*p**2 + 1. List the prime factors of c(-2).
11
Let a(y) = y**2 + 8*y + 5. Let j be a(-4). Let w = 7 - j. List the prime factors of w.
2, 3
Suppose 0 = -15*l + 13*l + 120. What are the prime factors of l?
2, 3, 5
Suppose -4*b + 0*b = y - 226, -270 = -5*b + 5*y. List the prime factors of b.
2, 7
Let g(i) = i**2 + 4*i - 4. Let b be g(-6). Let t = 27 - b. What are the prime factors of t?
19
Let w(m) = -m**3 + m**2 + 6. Let c be w(0). Let o = c + -4. Suppose 4*g + 2*u - 58 = 0, o*u = 7 + 3. List the prime factors of g.
2, 3
Let f = -2 - 37. Let z = f + 64. List the prime factors of z.
5
Let o be (2/4)/((-1)/(-14)). Let k(p) = 2*p. Let q be k(o). What are the prime factors of -2*(0 + q/(-4))?
7
Let u = 60 + -32. List the prime factors of u - (-2 - 8/(-4)).
2, 7
Let n(z) = 3*z**3 - z**2 - z + 7. What are the prime factors of n(2)?
5
What are the prime factors of ((-2)/(2/(-27)))/(15/20)?
2, 3
What are the prime factors of (-52)/(-39) - (-1302)/9?
2, 73
Suppose a - 7 = -2*b, -2*b + 2*a = b - 28. Let o = -2 - -8. Let y = b + o. What are the prime factors of y?
2, 3
Suppose 6*w = 7*w - 100. List the prime factors of w.
2, 5
List the prime factors of 168/5 - (-6)/(-10).
3, 11
Let w(p) = -4*p - 1. Let t(l) = -l**2 + 9*l - 12. Let x be t(8). List the prime factors of w(x).
3, 5
Let z = 11 + -18. Let d be (0 + -1)/(z/14). Suppose d*j - 3*w - 22 = -0*w, 44 = 4*j - w. What are the prime factors of j?
11
Let o = -48 - -89. What are the prime factors of o?
41
Let a(h) = 4*h - 1. What are the prime factors of a(4)?
3, 5
Let d(f) = -f**3 - 4*f**2 - 2*f - 4. Let g be d(-4). Suppose 0 = 5*m + n + 101, 0*n = -g*m - 4*n - 68. Let y = -8 - m. List the prime factors of y.
13
Let r(a) = a**3 - 6*a**2 + 2*a - 9. Let m be r(6). Suppose m*n - 67 = k, 5*n - 25 - 92 = 3*k. What are the prime factors of n?
3, 7
Suppose -2*c - 5*m + 42 = -3*c, c + 3*m + 10 = 0. Let a = -5 - c. List the prime factors of a.
17
Let x(w) = w**3 - 5*w**2. Let m be x(5). Suppose m = -0*s - 4*s + 24. List the prime factors of s.
2, 3
Let l = 10 + -7. Suppose -3*z = l*w - 63, -4*z - 6*w + w = -84. What are the prime factors of z?
3, 7
Let q = -5 - -18. Suppose -5*j = -2*x - 80, -3 = -j - x + q. What are the prime factors of j?
2
Suppose 265 = 3*y + 2*y. What are the prime factors of y?
53
Let f = -9 + 9. Suppose f*s + 5*s - 175 = 0. What are the prime factors of s?
5, 7
Suppose -v = -r + 140, -2*r - 3*v - 130 = -3*r. List the prime factors of r.
5, 29
Let w(p) = 2*p**2 - 6*p - 8. List the prime factors of w(6).
2, 7
Let q(v) = -v**2 - 1. Let n be (1 + (-9)/5)*5. Let m(p) = -3*p**2 + p - 10. Let z(o) = n*q(o) + m(o). What are the prime factors of z(-5)?
2, 7
Let v = -7 + 7. Suppose z + 0*z - 2 = v. What are the prime factors of z?
2
Suppose f = -0*f + 15. Suppose f = -3*a + 8*a. Suppose -a*u + 5*u + 2*k - 16 = 0, -28 = -5*u - k. What are the prime factors of u?
5
Suppose 3*u - 3*b + 3 = 0, 2*u - 4*b + 9 = -1. Suppose 20 + 88 = u*x. What are the prime factors of x?
2, 3
Suppose 0 = n - 3*m + 38, 58 = 2*n - 5*n - 5*m. Let x be (-1 + -2)*n/3. Let t = x + -7. What are the prime factors of t?
19
Suppose -3*i + 15 = -3. Suppose -5*o + 2*d + 18 = 0, 3*o + 2*d - 22 = -2*o. Let g = i - o. What are the prime factors of g?
2
Let g(z) = -16*z - 6 + 10*z + 10*z. What are the prime factors of g(5)?
2, 7
Let b(i) = -i - 2. Let c be b(7). Let t = -2 - c. What are the prime factors of t?
7
Let i be 3 - (-6)/3 - 1. Suppose -2*u + i*q = -q - 51, 0 = 5*q + 25. List the prime factors of (-1 + 3)*u/2.
13
Let l = 46 + -31. Suppose -l = -3*a - 2*i, 3*i = a - i + 9. Suppose -3 - a = -y. List the prime factors of y.
2, 3
Let p = -78 + 137. List the prime factors of p.
59
Let r = 38 - 19. Suppose -4*b + 20 = 5*j, -3*j + r - 7 = -5*b. Suppose o - j*o + 15 = 0. What are the prime factors of o?
5
Suppose 0 = -5*z + 37 + 28. List the prime factors of z.
13
Suppose 0 = -2*d + 5*d. Suppose u + 3 = d, -g + 0*g = -2*u - 9. Suppose -g*i - 49 = -2*l, -100 = -5*l + i + 2*i. List the prime factors of l.
17
Let u(a) = 3*a**2 + 2*a - 1. Let w be u(1). Let d = w - -50. List the prime factors of d.
2, 3
Let q = 8 + 0. Suppose 0 = 4*f - q*f + 12. Suppose -f*d + b + 6 = -12, -d + 8 = -b. List the prime factors of d.
5
Suppose 0 = -5*u - 15, 7*k = 3*k + 5*u + 91. What are the prime factors of k?
19
Let f = -46 + 77. What are the prime factors of f?
31
Suppose -4*o + 26 = -6. Let z = 25 - o. List the prime factors of z.
17
Suppose -2*t = o - 4*t - 194, 788 = 4*o - 4*t. What are the prime factors of o?
2, 5
Let r(q) = -q**2 - 9*q - 3. Let g = 43 - 77. Let n be 5/(-15) - g/(-6). List the prime factors of r(n).
3, 5
Suppose t - 566 = -3*b, b - t = 3*t + 180. List the prime factors of b.
2, 47
Let o(r) = 2*r**2 + 22*r + 7. What are the prime factors of o(-11)?
7
Suppose 0 = -17*o + 14*o + 75. List the prime factors of o.
5
Let s = -25 - -52. List the prime factors of s.
3
Suppose -5*j - 12 = -32. Let t be -2 - -7 - (0 - -3). What are the prime factors of -3*(-6)/j*t?
3
Suppose -5*x = 3*r - 2*r - 23, -5*x - 5*r + 15 = 0. Suppose -x*y + 11 + 34 = 0. List the prime factors of y.
3
Suppose 12 = -d + 4*d. Let v(r) = 2*r - 6. List the prime factors of v(d).
2
Suppose -4*u = -l - 6, -3 + 10 = u - 3*l. Suppose u - 16 = -3*p. What are the prime factors of p?
5
Suppose -1014 = -6*g - 0*g. What are the prime factors of g?
13
Let w = 872 + -550. List the prime factors of w.
2, 7, 23
Suppose 0 = -f + 2*f. Suppose -11 = -q - f. List the prime factors of q.
11
Let a(p) = 11*p**2 - 2*p - 1. Let i be a(-1). What are the prime factors of 2/i + (-154)/(-12)?
13
What are the prime factors of -2 + 121 + 0 - -1?
2, 3, 5
Let f be 3090/26 + 16/104. Suppose 5*k = -2*k + f. List the prime factors of k.
17
Let v(a) = -a**3 - 4*a**2 - a - 2. Let b be v(-4). Suppose 0 = j - b*j + 10. What are the prime factors of j?
2, 5
Let n(f) = 61*f + 3. List the prime factors of n(2).
5
Let v(l) = -l**3 - 4*l**2 + 3*l + 3. Suppose 5*x + 21 = -4. List the prime factors of v(x).
13
Let v = -93 + 289. List the prime factors of v.
2, 7
Suppose 2*z + f - 49 = 0, 5*z + 5*f - 115 = -0*f. What are the prime factors of z?
2, 13
Let a(z) = z**2 + 5*z - 4. Let c be a(-6). Suppose 3*m - 4*g - 58 = 0, 0 = c*m + 3*m + 4*g - 118. List the prime factors of m.
2, 11
Let t = -26 - -46. List the prime factors of t.
2, 5
Let n(w) = -3*w - 2. Let z be n(-4). Suppose z*u - 24 = 7*u. What are the prime factors of u?
2
Let u = -25 + 35. Suppose -b + 4*a + 9 = 0, -5*a = b + 25 + 2. Let w = b + u. List the prime factors of w.
3
Let u = -10 - -5. Let h(i) be the first derivative of -i**3/3 - 5*i**2/2 + 7*i - 1. What are the prime factors of h(u)?
7
Let w = 28 + -15. List the prime factors of w.
13
Suppose -q + 163 + 135 = 3*u, -2*u - q + 200 = 0. What are the prime factors of u?
2, 7
Suppose 5*d - 501 = 2*g + g, -4*d + 400 = -2*g. List the prime factors of d.
3, 11
Suppose 4*b - 3*b = -4. Let r = b - -7. Suppose -5*z = -r*a + 2*a - 62, 5*z = 3*a + 56. What are the prime factors of z?
13
Let y = -134 + 223. List the prime factors of y.
89
Let x = 41 - -4. List the prime factors of 8/(-6)*x/(-10).
2, 3
Let x = -276 - -408. List the prime factors of x.
2, 3, 11
Let l = -5 - -7. What are the prime factors of ((-2)/l)/((-